mmon divisor of 315 and y.
21
Let n be (-1)/(3/57) + 1. Let z be (-6)/n + 65/3. Let d(h) = 4*h - 9. Let i be d(16). Calculate the highest common factor of i and z.
11
Suppose 4*p = -5*m + 465, 20*p + 2*m + 458 = 24*p. What is the highest common factor of p and 10235?
115
Suppose 9*p - 15*p = -18. Let t be 16/2 + -1*p. Suppose t*q - 51 = 54. What is the highest common divisor of q and 42?
21
Suppose 0 = 5*p + 5, -48 = -3*b - 158*p + 155*p. What is the greatest common factor of b and 32?
1
Let j be (-1)/(1/(-3)*(-30)/(-2600)). Calculate the highest common factor of 140 and j.
20
Let a be 0/2 + (6 + 17 - -6). Suppose -630 = -a*m - m. What is the highest common factor of m and 21?
21
Suppose -21433*c + 5358 = -21432*c. What is the greatest common divisor of 38 and c?
38
Let o be 1/(15/1476*12/20). What is the greatest common divisor of o and 116?
4
Suppose 20*l + 245 + 15 = 24*l. What is the greatest common factor of 115 and l?
5
Let v = 76 - 74. Suppose -4*r - z + 93 = v*z, -3*r - z = -71. What is the highest common divisor of r and 88?
8
Suppose -4*f = -5*n - 9*f - 490, 4*n - f + 412 = 0. Let j = n - -105. Suppose -42 = -k + j. Calculate the greatest common factor of 45 and k.
45
Let o = -23 + 43. Let s = o - 20. Suppose s = -2*c + 4*k + 12, 4*c - 60 = -0*c - 4*k. Calculate the highest common factor of c and 108.
12
Suppose 589*q - 606*q = -221. Suppose v = 5*p - 200, -2*p + 27 = -3*v - 66. Calculate the highest common factor of q and p.
13
Let j(o) = -o**3 - 14*o**2 - 2*o - 18. Let z = -20 - -6. Let s be j(z). Suppose -5*t + s + 0 = 0, 3*t + 11 = u. What is the greatest common divisor of u and 85?
17
Let q be ((-6)/5)/((-34)/(-850)). Let d be ((-12)/q)/(2/30). Calculate the greatest common factor of 4 and d.
2
Suppose -c + 469 = -u, 11*u - 469 = -c + 7*u. Let q = 326 - c. Let j be 172/22 + (-26)/q. What is the greatest common factor of 64 and j?
8
Suppose -308*l + 19575 = -293*l. What is the greatest common factor of l and 1595?
145
Suppose 14*g - 234692 = -42*g + 22348. Calculate the highest common divisor of g and 126.
18
Let v be (3 + 2 + -5)*(-4)/12. Suppose 0 = 5*k + 4*c - 263, 10*c - 12*c + 4 = v. Calculate the greatest common factor of k and 3.
3
Suppose -l - 10*p + 8 = -5*p, 14 = 4*l + 2*p. Suppose -5*b - 17*f = -15*f - 1204, l*f + 9 = 0. What is the highest common factor of 11 and b?
11
Let y be (2 - -1)*35/(-105) - -541. What is the greatest common factor of 4428 and y?
108
Let p(k) = 26*k**3 - 4*k**2 - 4*k + 5. Let z = -441 - -443. Let n be p(z). What is the greatest common factor of n and 42?
21
Let v = -980 - -986. Let x be 1404/99 + (-2)/11. Suppose 26 = 2*r + x. What is the greatest common factor of r and v?
6
Let m(j) = 2*j**3 - 62*j**2 + 10*j - 122. Let v be m(31). Calculate the greatest common factor of 8 and v.
4
Suppose 5*s - 714 - 111 = 0. Suppose 0 = -2*l - 232 + 752. Let h = l + -245. Calculate the highest common divisor of h and s.
15
Let b = 128 - 114. Let s = 16 - 15. Let g(l) = 13*l**3 + 2*l**2 - 2*l + 1. Let i be g(s). What is the highest common factor of i and b?
14
Suppose q = -3*r + 331, -119*q = 3*r - 116*q - 327. Suppose -3*h + 17 = -4*i, 5*h = 3*i + 14 + 7. Calculate the greatest common divisor of h and r.
3
Let u be (6/(-9))/(1*1/6). Let r be 3 - (4 - 4) - u. What is the greatest common divisor of 1253 and r?
7
Let d(s) = -43*s - 28. Let i be d(-1). Suppose f - i = 1. Calculate the highest common factor of f and 512.
16
Suppose 0 = -3*a + 2*a + 1. Let w be a + (-1 - -4)/3. Suppose w*n - p - 3 = 0, n - 6*n = -2*p - 7. Calculate the highest common divisor of n and 7.
1
Let u = -174 - -251. Suppose r = -51 + u. Calculate the greatest common divisor of 39 and r.
13
Let r be (-2 + -124)/(1/(-4)). Suppose 3383*k - 879*k - 28288 = -1094 + 7862. Calculate the highest common factor of r and k.
14
Suppose 543*t - 540*t - 137 = -4*a, 33 = a + t. Calculate the highest common factor of a and 2603.
19
Suppose -30*u = -36*u - 8*u + 87164. Calculate the highest common divisor of 44 and u.
22
Let d = -58 + 124. Suppose 0 = 3*a - 890 - 196. Suppose 0 = 3*k - 12, -117 - a = -5*v + 4*k. Calculate the greatest common divisor of d and v.
33
Suppose 622 + 582 = 43*o. Calculate the highest common divisor of o and 4305.
7
Let c(x) = 311*x - 1440. Let k be c(5). What is the highest common divisor of 368 and k?
23
Let n be 1*(5 + 1) - (-4 + -342). Calculate the highest common factor of n and 242.
22
Let o = 31 + -37. Let f be (12/(-2))/(o/21). Let b = 203 + -196. Calculate the highest common divisor of f and b.
7
Let i(f) = 13*f - 4. Let u = -7 + 9. Suppose 0 = 4*g - 3*k + 7, -u*g = 2*k - 6*k + 16. Let a be i(g). What is the highest common factor of a and 22?
22
Let o be ((-68)/(-102) - 19/15) + (-142276)/(-10). Calculate the highest common divisor of o and 82.
41
Let y = 7630 + -7556. Calculate the highest common divisor of 2109 and y.
37
Let p = -141 - -143. Let f be ((-396)/42)/(p/(-28)). Calculate the greatest common factor of f and 12.
12
Let u(o) = -8*o - 215. Let m be u(-28). Suppose 0 = -m*t - t + 2870. Calculate the highest common divisor of 7 and t.
7
Suppose -468 = -5*s - 68. Let n(b) = -3*b + 30. Let r(g) = 2*g**2 + 2*g - 10. Let l be r(0). Let i be n(l). What is the greatest common divisor of i and s?
20
Let s be ((-5576)/(-170) - 18)/((-5536)/2770 + 2). Calculate the greatest common divisor of s and 37.
37
Let f(h) = 441*h + 13. Let m(a) = 5736*a + 168. Let p(v) = 64*f(v) - 5*m(v). Let x be p(-1). Calculate the highest common divisor of 64 and x.
64
Let i be (-3 - (-248)/16)*(5 - -5). Calculate the greatest common factor of 335 and i.
5
Suppose 28*y - 20*y = 105 + 7. Let v be 0 - 2*(-5 - -2). Calculate the highest common divisor of y and v.
2
Let q(p) = 135 - 26*p - 34 + 27*p. Let z be q(-24). What is the greatest common divisor of z and 11?
11
Let f(z) = 3*z - 8 + 1 - 160*z. Let p be f(-1). Suppose i - p = 10. Calculate the highest common divisor of i and 20.
20
Suppose 0 = -p + 3*f + 21, 6*p - 4*p + 13 = -5*f. Let b be 73 + p*6/(-9). Calculate the highest common factor of b and 161.
23
Suppose 25 = 126*o - 131*o, -2665 = -3*m - 4*o. What is the greatest common divisor of m and 40?
5
Suppose 3*j = -143*j + 35624. What is the highest common factor of j and 1647?
61
Let i(b) be the first derivative of -2*b**3/3 - 63*b**2/2 + 328. Let l be i(-31). What is the highest common factor of l and 1?
1
Let l = -781 + 1408. What is the highest common factor of l and 399?
57
Suppose 0 = 4274*y - 4258*y - 103360. Calculate the greatest common factor of y and 228.
76
Let u = 1624 - 1610. Calculate the greatest common factor of u and 1946.
14
Suppose 0 = -39*d + 1023 + 147. What is the highest common divisor of d and 1185?
15
Let g(u) be the third derivative of u**4/8 + 10*u**3 - 119*u**2. Let c be g(15). Calculate the highest common factor of 60 and c.
15
Let s(n) be the first derivative of -71*n**2/2 + 16*n - 122. Let k be s(-5). Calculate the greatest common factor of k and 14.
7
Let g = -32 + 13. Let z(l) = 5*l - 73 - 4*l - 68 - 81 + 245. Let m be z(g). Calculate the greatest common divisor of m and 2.
2
Let z(l) = -4*l**3 + 14*l**2 - 5*l - 4. Let b be z(6). Let x = -374 - b. What is the greatest common factor of x and 130?
10
Let x = 558 - -2927. Suppose -d = 3*j - 691, 7*j - 12*j = 5*d - x. Calculate the highest common factor of d and 28.
28
Suppose 3*z = -2*j + 19, -5*z = -j - 16 - 7. Suppose 6 + z = -2*f - 5*l, 2*f - l - 19 = 0. Calculate the greatest common divisor of 1 and f.
1
Let o = 2773 + -2764. Calculate the greatest common factor of 576 and o.
9
Let i be (-125)/(-10) - (6 + (-39)/6). Suppose -36 = -16*s + i*s. Calculate the highest common divisor of s and 228.
12
Let z be (-73)/(-1387) - (-18692)/76. What is the greatest common divisor of 1312 and z?
82
Let w be (6/(-7))/(1/(-28)). Suppose -2*r + i + 2020 = 0, -3*r + 1589 = -5*i - 1441. Let l = 1050 - r. Calculate the greatest common divisor of l and w.
8
Let n(i) = -248*i + 4856. Let d be n(16). What is the greatest common factor of 2553 and d?
111
Let v be (-14)/((1 - -3)/(-1)) + (-31)/(-62). Let u be 224 + 0 + -4 + -4. Calculate the highest common factor of u and v.
4
Let n be 5*355/10*162/135. Calculate the greatest common divisor of n and 1207.
71
Let s(v) = v**